174 + -173. Determine o(f).
3
Let b(o) = o**2 - 7*o + 16. Let y = 985 + -980. Determine b(y).
6
Suppose 3*y - 6*y + 2*z - 10 = 0, -5*z - 25 = 5*y. Let b(s) be the first derivative of s**4/4 + s**3 - s**2 + 3*s + 3. Determine b(y).
-5
Let n(l) be the second derivative of l**6/360 - l**5/15 + l**4/3 + 2*l**3 + 9*l. Let m(q) be the second derivative of n(q). What is m(6)?
-4
Suppose 5*y = 5*b + 20, -5*b - 2 = 8. Let z(o) = -4*o**2 + 4*o - 2. Give z(y).
-10
Let w(m) = -12*m. Let x = -1021 - -1020. What is w(x)?
12
Let g = 1506 + -324. Let w(f) = -g - f + 1181 + 8*f. Determine w(1).
6
Let a be (0/1)/(1 + 0). Let j(r) = r**2 - r + 5. Let n(h) = 4*h**2 - 3*h + 15. Let f(g) = -7*j(g) + 2*n(g). Give f(a).
-5
Let f(s) = -2*s + 2. Let o be f(4). Let b(z) = 3*z**3 - 3*z**3 + 5*z + 2*z - 5*z**2 - z**3. Give b(o).
-6
Let k(w) = -w**2 + 6. Let v be (17/3 - 24/(-18)) + -7. What is k(v)?
6
Let o(x) = -x**2 - 16*x - 8. Let v = -46 + 30. Let r be o(v). Let z(a) = -a**2 - 9*a - 1. What is z(r)?
7
Let c(p) = p**2 - 131*p + 384. Let r be c(3). Let b(u) be the first derivative of u**4/4 - u**3/3 - u**2/2 - 8*u - 1. What is b(r)?
-8
Let c(o) = o**3 + 14*o**2 - 14*o + 18. Let h(s) = 13*s + 37. Let d be h(-4). Give c(d).
3
Let b(y) be the second derivative of -5*y**3/3 + y**2 + y. Let o(v) = -2*v**2 + 177*v + 457. Let m be o(91). Give b(m).
-18
Let g(f) be the second derivative of -f**4/6 - f**3/2 - f**2 - 5*f + 1. Give g(3).
-29
Let y(o) = -5*o - 2. Let n(r) = 11*r + 3. Let c(a) = -3*n(a) - 5*y(a). Calculate c(5).
-39
Let i(s) = -6*s**3 + 27*s**2 + 4*s + 9. Let a(y) = -5*y**3 + 26*y**2 + 3*y + 10. Let r(g) = -5*a(g) + 4*i(g). Determine r(22).
8
Let n(g) be the third derivative of -g**7/840 - g**6/144 + 11*g**5/60 - 7*g**2. Let z(h) be the third derivative of n(h). Give z(-5).
25
Let u be -16 + 20 + 3 - (11 + -1). Let q(f) = f**3 - f**2 - 4*f - 7. Determine q(u).
-31
Let c(k) = -k**2 + k + 10. Let g be (0 - 0)/(-146 + 148). Calculate c(g).
10
Let a = 26 + -90. Let g be ((-8)/(-10))/(a/(-30) - 2). Let f(i) = 2*i - 5 + 4 - 4. Give f(g).
7
Let t(k) = k + 6. Suppose -5*h - 34 = 2*m, 0 = 3*h - 5*m + 26 + 13. Determine t(h).
-2
Suppose -37 = -3*u - 2*m - 2, -3*m = -4*u + 24. Let f(k) = -u - 4*k + 8 + 7*k. Let b(t) = -3*t + 76. Let n be b(26). Give f(n).
-7
Let y(i) = 11*i - 39. Let d(w) = -6*w + 21. Let t(h) = -9*d(h) - 5*y(h). Let m(s) = s + 7. Let u be -6 + (2 - 0/(-1)). Let j be m(u). What is t(j)?
3
Suppose -177*x = -180*x - 3. Let l(a) = 7*a**2 - a - 1. Give l(x).
7
Let v(q) = q**2 - 4*q**2 - 3*q + 3*q. Suppose 3*l + 2*k = 8*l + 14, l - 8 = -5*k. Give v(l).
-12
Let o(h) be the second derivative of h**6/120 - h**5/15 + 5*h**4/24 - h**3/2 + 8*h**2 - 6*h. Let s(t) be the first derivative of o(t). Give s(4).
17
Let s(p) = -7*p**3 + 7*p**2 + 2*p + 2. Let g(k) = 3*k**3 - 5*k**2 - k - 1. Let j(h) = -3*g(h) - 2*s(h). Determine j(-2).
-35
Let y(b) = 4*b**2 - 2*b + 2. Let i(h) = -h**2 - h. Let f(n) = -3*i(n) - y(n). Let p = -195 + 199. What is f(p)?
2
Let y(c) = -c + 11. Let q be y(7). Let i(v) = -5*v**3 + 2*v + q*v**3 + 2*v**3 + 3*v**2 + 2*v. Let z = 31 + -34. Calculate i(z).
-12
Let y(q) = -q - 6. Let n be 0 + (-6)/4*-6. Let u = 4 - n. Determine y(u).
-1
Let c(r) = -r**2 - 2. Let b be 6/12*2*35. Let l = -35 + b. Give c(l).
-2
Let l(j) = j**3 - j**3 - 3*j**2 + j + 2*j**3 - 1. Suppose -5*b - 4*r = 19, 0 = -2*b - 3*b + 2*r - 13. Let d be 10/35*(b/(-3) - -6). Give l(d).
5
Let k = -1068 - -1069. Let a(g) = 13*g**2 - 2. Give a(k).
11
Let u be (21/(-9) - -1)*3. Let r be u/8 - 20/(-8). Let g(s) = -s - 3*s**r + 0*s**2 + 0*s + 4*s**2. Determine g(3).
6
Let p(d) be the second derivative of -d**7/840 + d**6/90 - d**5/40 - 4*d**3 + 11*d. Let j(g) be the second derivative of p(g). Determine j(3).
0
Let m = 22 + -19. Let g(b) = -b**3 - b**2 - b. Let u(i) = 3*i**3 + 2*i**2 + 2*i. Let y(v) = m*u(v) + 5*g(v). Let n = -8 + 7. Determine y(n).
-4
Let j(r) = r**3 - 6*r**2 - 7*r - 4. Suppose -4*p + 3 = -2*t - 5*p, -2 = 2*p. Suppose -4*k + 30 = 26. Let c be 7/((t - -2)/k). Give j(c).
-4
Suppose 0 = -3*n - 3*n + 12. Let a(c) = -4*c**2 + 3*c**n + 14*c**3 + c + 5*c**2 - 3*c**2. What is a(-1)?
-14
Let y be 6/14 + ((-18)/42 - -8). Let z(q) = -13*q + 15. Let j(h) = 3*h - 4. Let b(a) = -9*j(a) - 2*z(a). Give b(y).
-2
Suppose -3*x + b - 5*b - 13 = 0, x + 2*b = -3. Let m(z) be the second derivative of 0 - z**2 - 1/6*z**3 + 16*z. Give m(x).
5
Suppose 5*a - 941 + 911 = 0. Let k(l) = -l - 6. Calculate k(a).
-12
Suppose -309*i + 319*i - 60 = 0. Let u(h) be the second derivative of -h**5/20 + 7*h**4/12 - 7*h**3/6 + 5*h**2/2 + 2*h. Determine u(i).
-1
Suppose -8*m = 31 + 49. Let a be ((-5)/m*-10)/1. Let s(r) = -3*r**2 - 2*r**2 - 3 - 6*r + 4*r**2. What is s(a)?
2
Let v(n) = n**2 - 4*n - 3. Let j = 57 + -59. Give v(j).
9
Let r = 36 - 31. Suppose -x = -4*y + r, -y - y = x + 5. Let h(d) = d**3 + 5*d**2 - d - 4. Calculate h(x).
1
Let o(p) be the third derivative of p**4/12 - p**3/6 - 33*p**2 - 3*p. Let l = 8 - 13. Let j = 2 + l. Determine o(j).
-7
Let m be (9 - 6) + -6 + 7 + -1. Suppose c = m*c - 8. Let n(r) = -2*r + 6. Calculate n(c).
-2
Let d(c) = c**3 + 5*c**2 - 1. Suppose 15 = -8*l - 1. What is d(l)?
11
Let v(r) = -4*r**3 - 3*r**2 - 6. Let x(f) = 3*f**3 + 2*f**2 + 4. Let u(w) = -5*v(w) - 7*x(w). Calculate u(2).
-2
Let b = -3 - -9. Let n(k) = -3*k**2 + 10*k - 3. Let q(d) = -7*d**2 + 21*d - 7. Let h(i) = 5*n(i) - 2*q(i). Calculate h(b).
11
Let j(a) be the third derivative of -a**6/60 - a**4/12 - a**3/6 - 172*a**2. What is j(-1)?
3
Let v(p) be the second derivative of p**3/6 - 8*p**2 + 17*p. Determine v(9).
-7
Let u = -159 + 156. Let q(c) = -c**2 - 7*c - 7. Determine q(u).
5
Suppose 8*a + 1 = 9*a. Let t(k) = -2*k + 11*k + a - 5*k - 8*k. Determine t(5).
-19
Let z(p) be the third derivative of -1/60*p**5 + 4/3*p**3 + 0 + 0*p + 2*p**2 - 7/24*p**4. Give z(-8).
0
Suppose -27*g - 52 = -457. Let p(l) = -l**2 + 15*l - 2. Calculate p(g).
-2
Suppose 3*w - 4*d + 27 = 0, -w = -6*w - 4*d - 13. Let x(s) = 2 - 2 + 4 + 5*s**2 + s + s**3 - 5. What is x(w)?
-6
Let q(i) = i + 22. Let m(y) = 3*y + 84. Let k(g) = -4*m(g) + 15*q(g). Determine k(3).
3
Let h = -386 - -382. Let x(o) = -2*o + 9. What is x(h)?
17
Let o(h) = h**3 - h**2 + h - 2. Suppose l + 2*s = 4*s + 5, 3*l = -4*s - 15. Let u be l/(5/(-2) - -2). What is o(u)?
4
Let q(i) be the first derivative of -i**5/60 - 55*i**3/3 - 48. Let r(n) be the third derivative of q(n). Suppose 0 = 3*s - 5*s + 4. Give r(s).
-4
Let q(u) = 9*u**3 - 9*u**2 - 3*u + 4. Let b(t) = 7*t**3 - 8*t**2 - 3*t + 3. Let l(d) = -4*b(d) + 3*q(d). Calculate l(4).
28
Let x(d) be the second derivative of -2*d - 1/2*d**2 + 5/6*d**3 - 1/12*d**4 + 0. Determine x(6).
-7
Let y(z) = -z**3 + z - 12. Let u(o) = o**3 - 4*o**2 + 4*o - 1. Let a be u(1). Determine y(a).
-12
Suppose 5*x + 5*c - 20 = 0, -5*c + 5 + 1 = -2*x. Let y(f) = -3 - 2*f - f**2 + 4*f**2 + 2*f**2 + f**3 - 9*f**x. Give y(4).
-11
Let r(h) = -h**2 - 20*h - 105. Let c be r(-7). Let z(x) = -x**3 - 13*x**2 + 16*x + 21. Calculate z(c).
-7
Let d(v) be the first derivative of -7*v**2/2 - v - 15. Let i(x) = -13*x - 2. Let u(c) = -11*d(c) + 6*i(c). Determine u(7).
-8
Suppose 0*c - 4*c + 4*d - 8 = 0, -4*c + 5*d - 8 = 0. Let p(t) = -3*t - 7. Let o(g) = 4*g + 7. Let s(f) = c*o(f) - 3*p(f). What is s(-9)?
-2
Let s(x) = 6*x**2 + 5*x + 8. Let b(p) = 17*p**2 + 14*p + 23. Let d(w) = 4*b(w) - 11*s(w). Let r(n) be the first derivative of d(n). Give r(-2).
-7
Let h(r) be the second derivative of r**5/120 - r**4/8 + 2*r**3/3 + 7*r. Let d(j) be the second derivative of h(j). Determine d(0).
-3
Let s(m) = -m**3 - 4*m**2 + 5*m + 7. Suppose 3 = -5*v + 3*u + 6, -3*v + 2*u + 2 = 0. Suppose 3*g - 2*g - 6 = v. Suppose 0 = h - g*h - 25. Calculate s(h).
7
Let k(b) = -3*b + 6. Let n = -298 + 302. Give k(n).
-6
Let u(w) = 5 + 3*w - 2*w**2 + w**3 + w**2 - 4*w. Let d(o) = 7*o - 98. Let v be d(14). What is u(v)?
5
Let d(k) = -5*k**3 + 8*k**2 + 2*k - 6. Let p(o) = 2*o**3 - o**2 - o + 2. Let f(n) = d(n) + 2*p(n). Suppose 2*a - 6*a = -32. Let w = a + -2. Determine f(w).
-2
Let x(q) = -q**3 - 2*q**2 + q - 16. Let f be x(0). Let u(o) = o**3 + 18*o**2 + 33*o + 21. Let b be u(f). Let t(g) = -4*g + 4. Give t(b).
-16
Suppose 21 = -a + 25. Suppose -a*w - 2 = -6, 0 = 2*x - 3*w - 1. Let v(g) = -g**3 - 2*g**2